{"id":111,"date":"2024-04-08T11:44:04","date_gmt":"2024-04-08T11:44:04","guid":{"rendered":"https:\/\/neu.schloss-weinern.at\/?page_id=111"},"modified":"2024-04-08T13:15:40","modified_gmt":"2024-04-08T13:15:40","slug":"impressum","status":"publish","type":"page","link":"https:\/\/www.schloss-weinern.at\/de\/impressum\/","title":{"rendered":"Impressum"},"content":{"rendered":"<div class=\"wpb-content-wrapper\"><p>[vc_row row_height_percent=&#8220;0&#8243; override_padding=&#8220;yes&#8220; h_padding=&#8220;2&#8243; top_padding=&#8220;3&#8243; bottom_padding=&#8220;2&#8243; overlay_alpha=&#8220;50&#8243; gutter_size=&#8220;3&#8243; column_width_percent=&#8220;100&#8243; shift_y=&#8220;0&#8243; z_index=&#8220;0&#8243; uncode_shortcode_id=&#8220;109843&#8243;][vc_column width=&#8220;1\/1&#8243;][vc_custom_heading text_color=&#8220;accent&#8220; heading_semantic=&#8220;h1&#8243; text_size=&#8220;h1&#8243; text_transform=&#8220;uppercase&#8220; uncode_shortcode_id=&#8220;541622&#8243; text_color_type=&#8220;uncode-palette&#8220;]Impressum[\/vc_custom_heading][vc_column_text uncode_shortcode_id=&#8220;205480&#8243;]<strong>F\u00fcr den Inhalt verantwortlich:<\/strong><\/p>\n<p>Francesco Bossi Fedrigotti<br \/>\nWeinern 1<br \/>\n3812 Gro\u00df-Siegharts<br \/>\n\u00d6sterreich<\/p>\n<p>T +43\/2847\/22123<br \/>\nM +43\/650\/7666554<\/p>\n<p><a href=\"mailto:bossifedrigotti@gmail.com\">bossifedrigotti@gmail.com<\/a>[\/vc_column_text][\/vc_column][\/vc_row][vc_row][vc_column width=&#8220;1\/1&#8243;][vc_custom_heading text_transform=&#8220;uppercase&#8220; uncode_shortcode_id=&#8220;212519&#8243;]Copyright[\/vc_custom_heading][vc_column_text uncode_shortcode_id=&#8220;151242&#8243;]Francesco Bossi Fedrigotti ist Urheber bzw. Werknutzungsberechtigter der zur Verf\u00fcgung gestellten Information und Inhaber aller sonstiger damit zusammenh\u00e4ngender Schutzrechte. Die Vervielf\u00e4ltigung von Texten und Daten einschlie\u00dflich der (digitalen) Speicherung und Nutzung auf optischen und elektronischen Datentr\u00e4gern darf nur mit vorheriger schriftlicher Zustimmung durch Francesco Bossi Fedrigotti erfolgen. Die Verwendung der Texte und Daten einschlie\u00dflich Einspeisung in Online-Dienste, Datenbanken oder Websites durch unberechtigte Dritte sowie die Ver\u00e4nderung oder Verf\u00e4lschung von Informationen ist untersagt. Der Download sowie der Ausdruck zum pers\u00f6nlichen, nicht kommerziellen Gebrauch ist jedoch gestattet.[\/vc_column_text][\/vc_column][\/vc_row][vc_row][vc_column width=&#8220;1\/1&#8243;][vc_custom_heading text_transform=&#8220;uppercase&#8220; uncode_shortcode_id=&#8220;169708&#8243;]Haftung[\/vc_custom_heading][vc_column_text uncode_shortcode_id=&#8220;181710&#8243;]Francesco Bossi Fedrigotti pr\u00fcft und aktualisiert die Informationen auf seiner Webseite st\u00e4ndig. Trotz aller Sorgfalt k\u00f6nnen sich die Daten inzwischen ge\u00e4ndert haben. Eine Haftung oder Gew\u00e4hrleistung f\u00fcr die Aktualit\u00e4t, Richtigkeit und Vollst\u00e4ndigkeit der zur Verf\u00fcgung gestellten Informationen kann daher nicht \u00fcbernommen werden. Des Weiteren beh\u00e4lt sich Francesco Bossi Fedrigotti vor, \u00c4nderungen oder Erg\u00e4nzungen der bereitgestellten Informationen vorzunehmen. Den auf den Webseiten angebotenen Informationen kommt keine Rechtsverbindlichkeit zu. Die Webseiten von Francesco Bossi Fedrigotti k\u00f6nnen Links zu Webseiten anderer Anbieter enthalten, f\u00fcr die Francesco Bossi Fedrigotti keine Verantwortung oder Haftung \u00fcbernimmt.[\/vc_column_text][\/vc_column][\/vc_row][vc_row][vc_column width=&#8220;1\/1&#8243;][vc_custom_heading text_transform=&#8220;uppercase&#8220; uncode_shortcode_id=&#8220;140571&#8243;]Technische Umsetzung &amp; Hosting[\/vc_custom_heading][vc_column_text uncode_shortcode_id=&#8220;198476&#8243;]<a href=\"https:\/\/herlbauer.com\" target=\"_blank\" rel=\"noopener\">herlbauer.com | WEB SOLUTIONS<\/a>[\/vc_column_text][\/vc_column][\/vc_row][vc_row row_height_percent=&#8220;0&#8243; overlay_alpha=&#8220;50&#8243; gutter_size=&#8220;3&#8243; column_width_percent=&#8220;100&#8243; shift_y=&#8220;0&#8243; z_index=&#8220;0&#8243; uncode_shortcode_id=&#8220;162392&#8243; shape_dividers=&#8220;&#8220;][vc_column width=&#8220;1\/1&#8243;][vc_empty_space empty_h=&#8220;2&#8243;][\/vc_column][\/vc_row]<\/p>\n<\/div>","protected":false},"excerpt":{"rendered":"<p>[vc_row row_height_percent=&#8220;0&#8243; override_padding=&#8220;yes&#8220; h_padding=&#8220;2&#8243; top_padding=&#8220;3&#8243; bottom_padding=&#8220;2&#8243; overlay_alpha=&#8220;50&#8243; gutter_size=&#8220;3&#8243; column_width_percent=&#8220;100&#8243; shift_y=&#8220;0&#8243; z_index=&#8220;0&#8243; uncode_shortcode_id=&#8220;109843&#8243;][vc_column width=&#8220;1\/1&#8243;][vc_custom_heading text_color=&#8220;accent&#8220; heading_semantic=&#8220;h1&#8243; text_size=&#8220;h1&#8243; text_transform=&#8220;uppercase&#8220; uncode_shortcode_id=&#8220;541622&#8243; text_color_type=&#8220;uncode-palette&#8220;]Impressum[\/vc_custom_heading][vc_column_text uncode_shortcode_id=&#8220;205480&#8243;]F\u00fcr [&hellip;]<\/p>\n","protected":false},"author":1,"featured_media":0,"parent":0,"menu_order":8,"comment_status":"closed","ping_status":"closed","template":"","meta":{"footnotes":""},"class_list":["post-111","page","type-page","status-publish","hentry"],"_links":{"self":[{"href":"https:\/\/www.schloss-weinern.at\/de\/wp-json\/wp\/v2\/pages\/111","targetHints":{"allow":["GET"]}}],"collection":[{"href":"https:\/\/www.schloss-weinern.at\/de\/wp-json\/wp\/v2\/pages"}],"about":[{"href":"https:\/\/www.schloss-weinern.at\/de\/wp-json\/wp\/v2\/types\/page"}],"author":[{"embeddable":true,"href":"https:\/\/www.schloss-weinern.at\/de\/wp-json\/wp\/v2\/users\/1"}],"replies":[{"embeddable":true,"href":"https:\/\/www.schloss-weinern.at\/de\/wp-json\/wp\/v2\/comments?post=111"}],"version-history":[{"count":7,"href":"https:\/\/www.schloss-weinern.at\/de\/wp-json\/wp\/v2\/pages\/111\/revisions"}],"predecessor-version":[{"id":260,"href":"https:\/\/www.schloss-weinern.at\/de\/wp-json\/wp\/v2\/pages\/111\/revisions\/260"}],"wp:attachment":[{"href":"https:\/\/www.schloss-weinern.at\/de\/wp-json\/wp\/v2\/media?parent=111"}],"curies":[{"name":"wp","href":"https:\/\/api.w.org\/{rel}","templated":true}]}}

<div class="wpb-content-wrapper"><p>[vc_row row_height_percent=&#8220;0&#8243; override_padding=&#8220;yes&#8220; h_padding=&#8220;2&#8243; top_padding=&#8220;3&#8243; bottom_padding=&#8220;2&#8243; overlay_alpha=&#8220;50&#8243; gutter_size=&#8220;3&#8243; column_width_percent=&#8220;100&#8243; shift_y=&#8220;0&#8243; z_index=&#8220;0&#8243; uncode_shortcode_id=&#8220;109843&#8243;][vc_column width=&#8220;1/1&#8243;][vc_custom_heading text_color=&#8220;accent&#8220; heading_semantic=&#8220;h1&#8243; text_size=&#8220;h1&#8243; text_transform=&#8220;uppercase&#8220; uncode_shortcode_id=&#8220;541622&#8243; text_color_type=&#8220;uncode-palette&#8220;]Impressum[/vc_custom_heading][vc_column_text uncode_shortcode_id=&#8220;205480&#8243;]<strong>Für den Inhalt verantwortlich:</strong></p>
<p>Francesco Bossi Fedrigotti<br />
Weinern 1<br />
3812 Groß-Siegharts<br />
Österreich</p>
<p>T +43/2847/22123<br />
M +43/650/7666554</p>
<p><a href="mailto:bossifedrigotti@gmail.com">bossifedrigotti@gmail.com</a>[/vc_column_text][/vc_column][/vc_row][vc_row][vc_column width=&#8220;1/1&#8243;][vc_custom_heading text_transform=&#8220;uppercase&#8220; uncode_shortcode_id=&#8220;212519&#8243;]Copyright[/vc_custom_heading][vc_column_text uncode_shortcode_id=&#8220;151242&#8243;]Francesco Bossi Fedrigotti ist Urheber bzw. Werknutzungsberechtigter der zur Verfügung gestellten Information und Inhaber aller sonstiger damit zusammenhängender Schutzrechte. Die Vervielfältigung von Texten und Daten einschließlich der (digitalen) Speicherung und Nutzung auf optischen und elektronischen Datenträgern darf nur mit vorheriger schriftlicher Zustimmung durch Francesco Bossi Fedrigotti erfolgen. Die Verwendung der Texte und Daten einschließlich Einspeisung in Online-Dienste, Datenbanken oder Websites durch unberechtigte Dritte sowie die Veränderung oder Verfälschung von Informationen ist untersagt. Der Download sowie der Ausdruck zum persönlichen, nicht kommerziellen Gebrauch ist jedoch gestattet.[/vc_column_text][/vc_column][/vc_row][vc_row][vc_column width=&#8220;1/1&#8243;][vc_custom_heading text_transform=&#8220;uppercase&#8220; uncode_shortcode_id=&#8220;169708&#8243;]Haftung[/vc_custom_heading][vc_column_text uncode_shortcode_id=&#8220;181710&#8243;]Francesco Bossi Fedrigotti prüft und aktualisiert die Informationen auf seiner Webseite ständig. Trotz aller Sorgfalt können sich die Daten inzwischen geändert haben. Eine Haftung oder Gewährleistung für die Aktualität, Richtigkeit und Vollständigkeit der zur Verfügung gestellten Informationen kann daher nicht übernommen werden. Des Weiteren behält sich Francesco Bossi Fedrigotti vor, Änderungen oder Ergänzungen der bereitgestellten Informationen vorzunehmen. Den auf den Webseiten angebotenen Informationen kommt keine Rechtsverbindlichkeit zu. Die Webseiten von Francesco Bossi Fedrigotti können Links zu Webseiten anderer Anbieter enthalten, für die Francesco Bossi Fedrigotti keine Verantwortung oder Haftung übernimmt.[/vc_column_text][/vc_column][/vc_row][vc_row][vc_column width=&#8220;1/1&#8243;][vc_custom_heading text_transform=&#8220;uppercase&#8220; uncode_shortcode_id=&#8220;140571&#8243;]Technische Umsetzung &amp; Hosting[/vc_custom_heading][vc_column_text uncode_shortcode_id=&#8220;198476&#8243;]<a href="https://herlbauer.com" target="_blank" rel="noopener">herlbauer.com | WEB SOLUTIONS</a>[/vc_column_text][/vc_column][/vc_row][vc_row row_height_percent=&#8220;0&#8243; overlay_alpha=&#8220;50&#8243; gutter_size=&#8220;3&#8243; column_width_percent=&#8220;100&#8243; shift_y=&#8220;0&#8243; z_index=&#8220;0&#8243; uncode_shortcode_id=&#8220;162392&#8243; shape_dividers=&#8220;&#8220;][vc_column width=&#8220;1/1&#8243;][vc_empty_space empty_h=&#8220;2&#8243;][/vc_column][/vc_row]</p>
</div>

<p>[vc_row row_height_percent=&#8220;0&#8243; override_padding=&#8220;yes&#8220; h_padding=&#8220;2&#8243; top_padding=&#8220;3&#8243; bottom_padding=&#8220;2&#8243; overlay_alpha=&#8220;50&#8243; gutter_size=&#8220;3&#8243; column_width_percent=&#8220;100&#8243; shift_y=&#8220;0&#8243; z_index=&#8220;0&#8243; uncode_shortcode_id=&#8220;109843&#8243;][vc_column width=&#8220;1/1&#8243;][vc_custom_heading text_color=&#8220;accent&#8220; heading_semantic=&#8220;h1&#8243; text_size=&#8220;h1&#8243; text_transform=&#8220;uppercase&#8220; uncode_shortcode_id=&#8220;541622&#8243; text_color_type=&#8220;uncode-palette&#8220;]Impressum[/vc_custom_heading][vc_column_text uncode_shortcode_id=&#8220;205480&#8243;]Für [&hellip;]</p>
